{"id":228,"date":"2024-06-20T15:44:18","date_gmt":"2024-06-20T13:44:18","guid":{"rendered":"https:\/\/www.shamtoo.fr\/?page_id=228"},"modified":"2026-01-20T10:10:04","modified_gmt":"2026-01-20T09:10:04","slug":"228-2","status":"publish","type":"page","link":"https:\/\/www.shamtoo.fr\/index.php\/228-2\/","title":{"rendered":"Galerie"},"content":{"rendered":"<p>Qui je suis ?<\/p><p>Je m\u2019appelle Agathe Moreau ShamToo, je travaille sur des projets scientifiques et des livres jeunesse. Je suis n\u00e9e \u00e0 la fin des ann\u00e9es 70. J\u2019aime \u00e9crire et dessiner des histoires. Parler de ce qui m\u2019entoure et fait mon quotidien. La maladie, le handicap et l\u2019autisme en font partie, tout comme le chocolat, les tortues et la t\u00e9l\u00e9.<\/p><figure class=\"wp-block-image size-full\"><img loading=\"lazy\" decoding=\"async\" width=\"1440\" height=\"1440\" src=\"http:\/\/www.shamtoo.fr\/wp-content\/uploads\/2025\/09\/C83BC1F0-B327-45A6-8ADA-8BF51DE6EB72.jpeg\" alt=\"\" class=\"wp-image-714\" srcset=\"https:\/\/www.shamtoo.fr\/wp-content\/uploads\/2025\/09\/C83BC1F0-B327-45A6-8ADA-8BF51DE6EB72.jpeg 1440w, https:\/\/www.shamtoo.fr\/wp-content\/uploads\/2025\/09\/C83BC1F0-B327-45A6-8ADA-8BF51DE6EB72-300x300.jpeg 300w, https:\/\/www.shamtoo.fr\/wp-content\/uploads\/2025\/09\/C83BC1F0-B327-45A6-8ADA-8BF51DE6EB72-1024x1024.jpeg 1024w, https:\/\/www.shamtoo.fr\/wp-content\/uploads\/2025\/09\/C83BC1F0-B327-45A6-8ADA-8BF51DE6EB72-150x150.jpeg 150w, https:\/\/www.shamtoo.fr\/wp-content\/uploads\/2025\/09\/C83BC1F0-B327-45A6-8ADA-8BF51DE6EB72-768x768.jpeg 768w, https:\/\/www.shamtoo.fr\/wp-content\/uploads\/2025\/09\/C83BC1F0-B327-45A6-8ADA-8BF51DE6EB72-100x100.jpeg 100w, https:\/\/www.shamtoo.fr\/wp-content\/uploads\/2025\/09\/C83BC1F0-B327-45A6-8ADA-8BF51DE6EB72-250x250.jpeg 250w, https:\/\/www.shamtoo.fr\/wp-content\/uploads\/2025\/09\/C83BC1F0-B327-45A6-8ADA-8BF51DE6EB72-350x350.jpeg 350w\" sizes=\"auto, (max-width: 767px) 89vw, (max-width: 1000px) 54vw, (max-width: 1071px) 543px, 580px\" \/><\/figure><div class=\"wp-block-columns is-layout-flex wp-container-core-columns-is-layout-9d6595d7 wp-block-columns-is-layout-flex\"><div class=\"wp-block-column is-layout-flow wp-block-column-is-layout-flow\" style=\"flex-basis:100%\"><\/div><\/div><div class=\"wp-block-columns is-layout-flex wp-container-core-columns-is-layout-9d6595d7 wp-block-columns-is-layout-flex\"><div class=\"wp-block-column is-layout-flow wp-block-column-is-layout-flow\"><figure class=\"wp-block-image size-full\"><img loading=\"lazy\" decoding=\"async\" width=\"381\" height=\"417\" src=\"http:\/\/www.shamtoo.fr\/wp-content\/uploads\/2024\/06\/chien.jpg\" alt=\"\" class=\"wp-image-250\" srcset=\"https:\/\/www.shamtoo.fr\/wp-content\/uploads\/2024\/06\/chien.jpg 381w, https:\/\/www.shamtoo.fr\/wp-content\/uploads\/2024\/06\/chien-274x300.jpg 274w, https:\/\/www.shamtoo.fr\/wp-content\/uploads\/2024\/06\/chien-350x383.jpg 350w\" sizes=\"auto, (max-width: 381px) 100vw, 381px\" \/><\/figure><\/div>\n\n<div class=\"wp-block-column is-layout-flow wp-block-column-is-layout-flow\"><figure class=\"wp-block-image size-full\"><img loading=\"lazy\" decoding=\"async\" width=\"509\" height=\"639\" src=\"http:\/\/www.shamtoo.fr\/wp-content\/uploads\/2024\/06\/coincoin.jpg\" alt=\"\" class=\"wp-image-249\" srcset=\"https:\/\/www.shamtoo.fr\/wp-content\/uploads\/2024\/06\/coincoin.jpg 509w, https:\/\/www.shamtoo.fr\/wp-content\/uploads\/2024\/06\/coincoin-239x300.jpg 239w, https:\/\/www.shamtoo.fr\/wp-content\/uploads\/2024\/06\/coincoin-350x439.jpg 350w\" sizes=\"auto, (max-width: 509px) 100vw, 509px\" \/><\/figure><\/div><\/div><div class=\"wp-block-columns is-layout-flex wp-container-core-columns-is-layout-9d6595d7 wp-block-columns-is-layout-flex\"><div class=\"wp-block-column is-layout-flow wp-block-column-is-layout-flow\"><figure class=\"wp-block-image size-full\"><img loading=\"lazy\" decoding=\"async\" width=\"1773\" height=\"1773\" src=\"http:\/\/www.shamtoo.fr\/wp-content\/uploads\/2024\/11\/IMG_5300.jpeg\" alt=\"\" class=\"wp-image-300\" srcset=\"https:\/\/www.shamtoo.fr\/wp-content\/uploads\/2024\/11\/IMG_5300.jpeg 1773w, https:\/\/www.shamtoo.fr\/wp-content\/uploads\/2024\/11\/IMG_5300-300x300.jpeg 300w, https:\/\/www.shamtoo.fr\/wp-content\/uploads\/2024\/11\/IMG_5300-1024x1024.jpeg 1024w, https:\/\/www.shamtoo.fr\/wp-content\/uploads\/2024\/11\/IMG_5300-150x150.jpeg 150w, https:\/\/www.shamtoo.fr\/wp-content\/uploads\/2024\/11\/IMG_5300-768x768.jpeg 768w, https:\/\/www.shamtoo.fr\/wp-content\/uploads\/2024\/11\/IMG_5300-1536x1536.jpeg 1536w, https:\/\/www.shamtoo.fr\/wp-content\/uploads\/2024\/11\/IMG_5300-100x100.jpeg 100w, https:\/\/www.shamtoo.fr\/wp-content\/uploads\/2024\/11\/IMG_5300-250x250.jpeg 250w, https:\/\/www.shamtoo.fr\/wp-content\/uploads\/2024\/11\/IMG_5300-350x350.jpeg 350w\" sizes=\"auto, (max-width: 767px) 89vw, (max-width: 1000px) 54vw, (max-width: 1071px) 543px, 580px\" \/><\/figure><\/div>\n\n<div class=\"wp-block-column is-layout-flow wp-block-column-is-layout-flow\"><figure class=\"wp-block-image size-full\"><img loading=\"lazy\" decoding=\"async\" width=\"750\" height=\"695\" src=\"http:\/\/www.shamtoo.fr\/wp-content\/uploads\/2024\/06\/IMG_4427.jpg\" alt=\"\" class=\"wp-image-257\" srcset=\"https:\/\/www.shamtoo.fr\/wp-content\/uploads\/2024\/06\/IMG_4427.jpg 750w, https:\/\/www.shamtoo.fr\/wp-content\/uploads\/2024\/06\/IMG_4427-300x278.jpg 300w, https:\/\/www.shamtoo.fr\/wp-content\/uploads\/2024\/06\/IMG_4427-350x324.jpg 350w\" sizes=\"auto, (max-width: 706px) 89vw, (max-width: 767px) 82vw, 740px\" \/><\/figure><\/div><\/div><div class=\"wp-block-columns is-layout-flex wp-container-core-columns-is-layout-9d6595d7 wp-block-columns-is-layout-flex\"><div class=\"wp-block-column is-layout-flow wp-block-column-is-layout-flow\"><figure class=\"wp-block-image size-full\"><img loading=\"lazy\" decoding=\"async\" width=\"2560\" height=\"1920\" src=\"http:\/\/www.shamtoo.fr\/wp-content\/uploads\/2025\/09\/IMG_0280-scaled.jpeg\" alt=\"\" class=\"wp-image-711\" srcset=\"https:\/\/www.shamtoo.fr\/wp-content\/uploads\/2025\/09\/IMG_0280-scaled.jpeg 2560w, https:\/\/www.shamtoo.fr\/wp-content\/uploads\/2025\/09\/IMG_0280-300x225.jpeg 300w, https:\/\/www.shamtoo.fr\/wp-content\/uploads\/2025\/09\/IMG_0280-1024x768.jpeg 1024w, https:\/\/www.shamtoo.fr\/wp-content\/uploads\/2025\/09\/IMG_0280-768x576.jpeg 768w, https:\/\/www.shamtoo.fr\/wp-content\/uploads\/2025\/09\/IMG_0280-1536x1152.jpeg 1536w, https:\/\/www.shamtoo.fr\/wp-content\/uploads\/2025\/09\/IMG_0280-2048x1536.jpeg 2048w, https:\/\/www.shamtoo.fr\/wp-content\/uploads\/2025\/09\/IMG_0280-350x263.jpeg 350w\" sizes=\"auto, (max-width: 767px) 89vw, (max-width: 1000px) 54vw, (max-width: 1071px) 543px, 580px\" \/><\/figure><\/div>\n\n<div class=\"wp-block-column is-layout-flow wp-block-column-is-layout-flow\"><figure class=\"wp-block-image size-full\"><img loading=\"lazy\" decoding=\"async\" width=\"2560\" height=\"2560\" src=\"http:\/\/www.shamtoo.fr\/wp-content\/uploads\/2025\/09\/IMG_0466-scaled.jpeg\" alt=\"\" class=\"wp-image-712\" srcset=\"https:\/\/www.shamtoo.fr\/wp-content\/uploads\/2025\/09\/IMG_0466-scaled.jpeg 2560w, https:\/\/www.shamtoo.fr\/wp-content\/uploads\/2025\/09\/IMG_0466-300x300.jpeg 300w, https:\/\/www.shamtoo.fr\/wp-content\/uploads\/2025\/09\/IMG_0466-1024x1024.jpeg 1024w, https:\/\/www.shamtoo.fr\/wp-content\/uploads\/2025\/09\/IMG_0466-150x150.jpeg 150w, https:\/\/www.shamtoo.fr\/wp-content\/uploads\/2025\/09\/IMG_0466-768x768.jpeg 768w, https:\/\/www.shamtoo.fr\/wp-content\/uploads\/2025\/09\/IMG_0466-1536x1536.jpeg 1536w, https:\/\/www.shamtoo.fr\/wp-content\/uploads\/2025\/09\/IMG_0466-2048x2048.jpeg 2048w, https:\/\/www.shamtoo.fr\/wp-content\/uploads\/2025\/09\/IMG_0466-100x100.jpeg 100w, https:\/\/www.shamtoo.fr\/wp-content\/uploads\/2025\/09\/IMG_0466-250x250.jpeg 250w, https:\/\/www.shamtoo.fr\/wp-content\/uploads\/2025\/09\/IMG_0466-350x350.jpeg 350w\" sizes=\"auto, (max-width: 767px) 89vw, (max-width: 1000px) 54vw, (max-width: 1071px) 543px, 580px\" \/><\/figure><\/div><\/div><figure class=\"wp-block-image size-large\"><img loading=\"lazy\" decoding=\"async\" width=\"1024\" height=\"1024\" src=\"http:\/\/www.shamtoo.fr\/wp-content\/uploads\/2025\/09\/8D464877-5E07-4323-AE64-1B092BAF0A55-1024x1024.jpeg\" alt=\"\" class=\"wp-image-716\" srcset=\"https:\/\/www.shamtoo.fr\/wp-content\/uploads\/2025\/09\/8D464877-5E07-4323-AE64-1B092BAF0A55-1024x1024.jpeg 1024w, https:\/\/www.shamtoo.fr\/wp-content\/uploads\/2025\/09\/8D464877-5E07-4323-AE64-1B092BAF0A55-300x300.jpeg 300w, https:\/\/www.shamtoo.fr\/wp-content\/uploads\/2025\/09\/8D464877-5E07-4323-AE64-1B092BAF0A55-150x150.jpeg 150w, https:\/\/www.shamtoo.fr\/wp-content\/uploads\/2025\/09\/8D464877-5E07-4323-AE64-1B092BAF0A55-768x768.jpeg 768w, https:\/\/www.shamtoo.fr\/wp-content\/uploads\/2025\/09\/8D464877-5E07-4323-AE64-1B092BAF0A55-100x100.jpeg 100w, https:\/\/www.shamtoo.fr\/wp-content\/uploads\/2025\/09\/8D464877-5E07-4323-AE64-1B092BAF0A55-250x250.jpeg 250w, https:\/\/www.shamtoo.fr\/wp-content\/uploads\/2025\/09\/8D464877-5E07-4323-AE64-1B092BAF0A55-350x350.jpeg 350w, https:\/\/www.shamtoo.fr\/wp-content\/uploads\/2025\/09\/8D464877-5E07-4323-AE64-1B092BAF0A55.jpeg 1440w\" sizes=\"auto, (max-width: 767px) 89vw, (max-width: 1000px) 54vw, (max-width: 1071px) 543px, 580px\" \/><\/figure><figure class=\"wp-block-image size-large\"><img loading=\"lazy\" decoding=\"async\" width=\"1024\" height=\"1024\" src=\"http:\/\/www.shamtoo.fr\/wp-content\/uploads\/2025\/09\/IMG_0472-1024x1024.jpeg\" alt=\"\" class=\"wp-image-710\" srcset=\"https:\/\/www.shamtoo.fr\/wp-content\/uploads\/2025\/09\/IMG_0472-1024x1024.jpeg 1024w, https:\/\/www.shamtoo.fr\/wp-content\/uploads\/2025\/09\/IMG_0472-300x300.jpeg 300w, https:\/\/www.shamtoo.fr\/wp-content\/uploads\/2025\/09\/IMG_0472-150x150.jpeg 150w, https:\/\/www.shamtoo.fr\/wp-content\/uploads\/2025\/09\/IMG_0472-768x768.jpeg 768w, https:\/\/www.shamtoo.fr\/wp-content\/uploads\/2025\/09\/IMG_0472-1536x1536.jpeg 1536w, https:\/\/www.shamtoo.fr\/wp-content\/uploads\/2025\/09\/IMG_0472-2048x2048.jpeg 2048w, https:\/\/www.shamtoo.fr\/wp-content\/uploads\/2025\/09\/IMG_0472-100x100.jpeg 100w, https:\/\/www.shamtoo.fr\/wp-content\/uploads\/2025\/09\/IMG_0472-250x250.jpeg 250w, https:\/\/www.shamtoo.fr\/wp-content\/uploads\/2025\/09\/IMG_0472-350x350.jpeg 350w\" sizes=\"auto, (max-width: 767px) 89vw, (max-width: 1000px) 54vw, (max-width: 1071px) 543px, 580px\" \/><\/figure><figure class=\"wp-block-image size-full\"><img loading=\"lazy\" decoding=\"async\" width=\"750\" height=\"719\" src=\"http:\/\/www.shamtoo.fr\/wp-content\/uploads\/2024\/06\/IMG_4433.jpg\" alt=\"\" class=\"wp-image-262\" srcset=\"https:\/\/www.shamtoo.fr\/wp-content\/uploads\/2024\/06\/IMG_4433.jpg 750w, https:\/\/www.shamtoo.fr\/wp-content\/uploads\/2024\/06\/IMG_4433-300x288.jpg 300w, https:\/\/www.shamtoo.fr\/wp-content\/uploads\/2024\/06\/IMG_4433-350x336.jpg 350w\" sizes=\"auto, (max-width: 706px) 89vw, (max-width: 767px) 82vw, 740px\" \/><\/figure><div class=\"wp-block-image\"><figure class=\"aligncenter size-full is-resized\"><img loading=\"lazy\" decoding=\"async\" width=\"2560\" height=\"2560\" src=\"http:\/\/www.shamtoo.fr\/wp-content\/uploads\/2025\/09\/IMG_2635-scaled.jpeg\" alt=\"\" class=\"wp-image-715\" style=\"width:489px;height:auto\" srcset=\"https:\/\/www.shamtoo.fr\/wp-content\/uploads\/2025\/09\/IMG_2635-scaled.jpeg 2560w, https:\/\/www.shamtoo.fr\/wp-content\/uploads\/2025\/09\/IMG_2635-300x300.jpeg 300w, https:\/\/www.shamtoo.fr\/wp-content\/uploads\/2025\/09\/IMG_2635-1024x1024.jpeg 1024w, https:\/\/www.shamtoo.fr\/wp-content\/uploads\/2025\/09\/IMG_2635-150x150.jpeg 150w, https:\/\/www.shamtoo.fr\/wp-content\/uploads\/2025\/09\/IMG_2635-768x768.jpeg 768w, https:\/\/www.shamtoo.fr\/wp-content\/uploads\/2025\/09\/IMG_2635-1536x1536.jpeg 1536w, https:\/\/www.shamtoo.fr\/wp-content\/uploads\/2025\/09\/IMG_2635-2048x2048.jpeg 2048w, https:\/\/www.shamtoo.fr\/wp-content\/uploads\/2025\/09\/IMG_2635-100x100.jpeg 100w, https:\/\/www.shamtoo.fr\/wp-content\/uploads\/2025\/09\/IMG_2635-250x250.jpeg 250w, https:\/\/www.shamtoo.fr\/wp-content\/uploads\/2025\/09\/IMG_2635-350x350.jpeg 350w\" sizes=\"auto, (max-width: 767px) 89vw, (max-width: 1000px) 54vw, (max-width: 1071px) 543px, 580px\" \/><\/figure><\/div><figure class=\"wp-block-image size-large\"><img loading=\"lazy\" decoding=\"async\" width=\"847\" height=\"1024\" src=\"http:\/\/www.shamtoo.fr\/wp-content\/uploads\/2024\/06\/thenewyorker-847x1024.jpg\" alt=\"\" class=\"wp-image-229\" srcset=\"https:\/\/www.shamtoo.fr\/wp-content\/uploads\/2024\/06\/thenewyorker-847x1024.jpg 847w, https:\/\/www.shamtoo.fr\/wp-content\/uploads\/2024\/06\/thenewyorker-248x300.jpg 248w, https:\/\/www.shamtoo.fr\/wp-content\/uploads\/2024\/06\/thenewyorker-768x929.jpg 768w, https:\/\/www.shamtoo.fr\/wp-content\/uploads\/2024\/06\/thenewyorker-1270x1536.jpg 1270w, https:\/\/www.shamtoo.fr\/wp-content\/uploads\/2024\/06\/thenewyorker-1693x2048.jpg 1693w, https:\/\/www.shamtoo.fr\/wp-content\/uploads\/2024\/06\/thenewyorker-350x423.jpg 350w\" sizes=\"auto, (max-width: 767px) 89vw, (max-width: 1000px) 54vw, (max-width: 1071px) 543px, 580px\" \/><\/figure><figure class=\"wp-block-image size-full\"><img loading=\"lazy\" decoding=\"async\" width=\"750\" height=\"727\" src=\"http:\/\/www.shamtoo.fr\/wp-content\/uploads\/2024\/06\/IMG_4424-1.jpg\" alt=\"\" class=\"wp-image-265\" srcset=\"https:\/\/www.shamtoo.fr\/wp-content\/uploads\/2024\/06\/IMG_4424-1.jpg 750w, https:\/\/www.shamtoo.fr\/wp-content\/uploads\/2024\/06\/IMG_4424-1-300x291.jpg 300w, https:\/\/www.shamtoo.fr\/wp-content\/uploads\/2024\/06\/IMG_4424-1-350x339.jpg 350w\" sizes=\"auto, (max-width: 706px) 89vw, (max-width: 767px) 82vw, 740px\" \/><\/figure><figure class=\"wp-block-image size-full\"><img loading=\"lazy\" decoding=\"async\" width=\"750\" height=\"501\" src=\"http:\/\/www.shamtoo.fr\/wp-content\/uploads\/2024\/06\/IMG_4429.jpg\" alt=\"\" class=\"wp-image-268\" srcset=\"https:\/\/www.shamtoo.fr\/wp-content\/uploads\/2024\/06\/IMG_4429.jpg 750w, https:\/\/www.shamtoo.fr\/wp-content\/uploads\/2024\/06\/IMG_4429-300x200.jpg 300w, https:\/\/www.shamtoo.fr\/wp-content\/uploads\/2024\/06\/IMG_4429-350x234.jpg 350w\" sizes=\"auto, (max-width: 706px) 89vw, (max-width: 767px) 82vw, 740px\" \/><\/figure><figure class=\"wp-block-image size-full\"><img loading=\"lazy\" decoding=\"async\" width=\"750\" height=\"497\" src=\"http:\/\/www.shamtoo.fr\/wp-content\/uploads\/2024\/06\/IMG_4428.jpg\" alt=\"\" class=\"wp-image-270\" srcset=\"https:\/\/www.shamtoo.fr\/wp-content\/uploads\/2024\/06\/IMG_4428.jpg 750w, https:\/\/www.shamtoo.fr\/wp-content\/uploads\/2024\/06\/IMG_4428-300x199.jpg 300w, https:\/\/www.shamtoo.fr\/wp-content\/uploads\/2024\/06\/IMG_4428-350x232.jpg 350w\" sizes=\"auto, (max-width: 706px) 89vw, (max-width: 767px) 82vw, 740px\" \/><\/figure><div class=\"wp-block-columns is-layout-flex wp-container-core-columns-is-layout-9d6595d7 wp-block-columns-is-layout-flex\"><div class=\"wp-block-column is-layout-flow wp-block-column-is-layout-flow\"><figure class=\"wp-block-image size-large\"><img loading=\"lazy\" decoding=\"async\" width=\"1024\" height=\"1013\" src=\"https:\/\/www.shamtoo.fr\/wp-content\/uploads\/2025\/09\/IMG_0402-1024x1013.jpeg\" alt=\"\" class=\"wp-image-720\" srcset=\"https:\/\/www.shamtoo.fr\/wp-content\/uploads\/2025\/09\/IMG_0402-1024x1013.jpeg 1024w, https:\/\/www.shamtoo.fr\/wp-content\/uploads\/2025\/09\/IMG_0402-300x297.jpeg 300w, https:\/\/www.shamtoo.fr\/wp-content\/uploads\/2025\/09\/IMG_0402-768x760.jpeg 768w, https:\/\/www.shamtoo.fr\/wp-content\/uploads\/2025\/09\/IMG_0402-1536x1519.jpeg 1536w, https:\/\/www.shamtoo.fr\/wp-content\/uploads\/2025\/09\/IMG_0402-2048x2025.jpeg 2048w, https:\/\/www.shamtoo.fr\/wp-content\/uploads\/2025\/09\/IMG_0402-100x100.jpeg 100w, https:\/\/www.shamtoo.fr\/wp-content\/uploads\/2025\/09\/IMG_0402-350x346.jpeg 350w\" sizes=\"auto, (max-width: 767px) 89vw, (max-width: 1000px) 54vw, (max-width: 1071px) 543px, 580px\" \/><\/figure><\/div>\n\n<div class=\"wp-block-column is-layout-flow wp-block-column-is-layout-flow\"><figure class=\"wp-block-image size-large\"><img loading=\"lazy\" decoding=\"async\" width=\"1024\" height=\"932\" src=\"https:\/\/www.shamtoo.fr\/wp-content\/uploads\/2025\/09\/IMG_0196-1024x932.jpeg\" alt=\"\" class=\"wp-image-721\" srcset=\"https:\/\/www.shamtoo.fr\/wp-content\/uploads\/2025\/09\/IMG_0196-1024x932.jpeg 1024w, https:\/\/www.shamtoo.fr\/wp-content\/uploads\/2025\/09\/IMG_0196-300x273.jpeg 300w, https:\/\/www.shamtoo.fr\/wp-content\/uploads\/2025\/09\/IMG_0196-768x699.jpeg 768w, https:\/\/www.shamtoo.fr\/wp-content\/uploads\/2025\/09\/IMG_0196-1536x1397.jpeg 1536w, https:\/\/www.shamtoo.fr\/wp-content\/uploads\/2025\/09\/IMG_0196-2048x1863.jpeg 2048w, https:\/\/www.shamtoo.fr\/wp-content\/uploads\/2025\/09\/IMG_0196-350x318.jpeg 350w\" sizes=\"auto, (max-width: 767px) 89vw, (max-width: 1000px) 54vw, (max-width: 1071px) 543px, 580px\" \/><\/figure><\/div><\/div><figure class=\"wp-block-image size-large\"><img loading=\"lazy\" decoding=\"async\" width=\"1024\" height=\"1024\" src=\"https:\/\/www.shamtoo.fr\/wp-content\/uploads\/2025\/09\/IMG_0535-1024x1024.jpeg\" alt=\"\" class=\"wp-image-722\" srcset=\"https:\/\/www.shamtoo.fr\/wp-content\/uploads\/2025\/09\/IMG_0535-1024x1024.jpeg 1024w, https:\/\/www.shamtoo.fr\/wp-content\/uploads\/2025\/09\/IMG_0535-300x300.jpeg 300w, https:\/\/www.shamtoo.fr\/wp-content\/uploads\/2025\/09\/IMG_0535-150x150.jpeg 150w, https:\/\/www.shamtoo.fr\/wp-content\/uploads\/2025\/09\/IMG_0535-768x768.jpeg 768w, https:\/\/www.shamtoo.fr\/wp-content\/uploads\/2025\/09\/IMG_0535-1536x1536.jpeg 1536w, https:\/\/www.shamtoo.fr\/wp-content\/uploads\/2025\/09\/IMG_0535-2048x2048.jpeg 2048w, https:\/\/www.shamtoo.fr\/wp-content\/uploads\/2025\/09\/IMG_0535-100x100.jpeg 100w, https:\/\/www.shamtoo.fr\/wp-content\/uploads\/2025\/09\/IMG_0535-250x250.jpeg 250w, https:\/\/www.shamtoo.fr\/wp-content\/uploads\/2025\/09\/IMG_0535-350x350.jpeg 350w\" sizes=\"auto, (max-width: 767px) 89vw, (max-width: 1000px) 54vw, (max-width: 1071px) 543px, 580px\" \/><\/figure><figure class=\"wp-block-image size-large\"><img loading=\"lazy\" decoding=\"async\" width=\"1024\" height=\"1024\" src=\"https:\/\/www.shamtoo.fr\/wp-content\/uploads\/2025\/09\/IMG_0895-1024x1024.jpeg\" alt=\"\" class=\"wp-image-723\" srcset=\"https:\/\/www.shamtoo.fr\/wp-content\/uploads\/2025\/09\/IMG_0895-1024x1024.jpeg 1024w, https:\/\/www.shamtoo.fr\/wp-content\/uploads\/2025\/09\/IMG_0895-300x300.jpeg 300w, https:\/\/www.shamtoo.fr\/wp-content\/uploads\/2025\/09\/IMG_0895-150x150.jpeg 150w, https:\/\/www.shamtoo.fr\/wp-content\/uploads\/2025\/09\/IMG_0895-768x768.jpeg 768w, https:\/\/www.shamtoo.fr\/wp-content\/uploads\/2025\/09\/IMG_0895-100x100.jpeg 100w, https:\/\/www.shamtoo.fr\/wp-content\/uploads\/2025\/09\/IMG_0895-250x250.jpeg 250w, https:\/\/www.shamtoo.fr\/wp-content\/uploads\/2025\/09\/IMG_0895-350x350.jpeg 350w, https:\/\/www.shamtoo.fr\/wp-content\/uploads\/2025\/09\/IMG_0895.jpeg 1080w\" sizes=\"auto, (max-width: 767px) 89vw, (max-width: 1000px) 54vw, (max-width: 1071px) 543px, 580px\" \/><\/figure><figure class=\"wp-block-image size-large\"><img loading=\"lazy\" decoding=\"async\" width=\"1024\" height=\"1024\" src=\"https:\/\/www.shamtoo.fr\/wp-content\/uploads\/2025\/09\/IMG_1540-1024x1024.jpeg\" alt=\"\" class=\"wp-image-724\" srcset=\"https:\/\/www.shamtoo.fr\/wp-content\/uploads\/2025\/09\/IMG_1540-1024x1024.jpeg 1024w, https:\/\/www.shamtoo.fr\/wp-content\/uploads\/2025\/09\/IMG_1540-300x300.jpeg 300w, https:\/\/www.shamtoo.fr\/wp-content\/uploads\/2025\/09\/IMG_1540-150x150.jpeg 150w, https:\/\/www.shamtoo.fr\/wp-content\/uploads\/2025\/09\/IMG_1540-768x768.jpeg 768w, https:\/\/www.shamtoo.fr\/wp-content\/uploads\/2025\/09\/IMG_1540-1536x1536.jpeg 1536w, https:\/\/www.shamtoo.fr\/wp-content\/uploads\/2025\/09\/IMG_1540-2048x2048.jpeg 2048w, https:\/\/www.shamtoo.fr\/wp-content\/uploads\/2025\/09\/IMG_1540-100x100.jpeg 100w, https:\/\/www.shamtoo.fr\/wp-content\/uploads\/2025\/09\/IMG_1540-250x250.jpeg 250w, https:\/\/www.shamtoo.fr\/wp-content\/uploads\/2025\/09\/IMG_1540-350x350.jpeg 350w\" sizes=\"auto, (max-width: 767px) 89vw, (max-width: 1000px) 54vw, (max-width: 1071px) 543px, 580px\" \/><\/figure><figure class=\"wp-block-image size-large\"><img loading=\"lazy\" decoding=\"async\" width=\"1024\" height=\"441\" src=\"https:\/\/www.shamtoo.fr\/wp-content\/uploads\/2026\/01\/IMG_0658-1024x441.jpeg\" alt=\"\" class=\"wp-image-944\" srcset=\"https:\/\/www.shamtoo.fr\/wp-content\/uploads\/2026\/01\/IMG_0658-1024x441.jpeg 1024w, https:\/\/www.shamtoo.fr\/wp-content\/uploads\/2026\/01\/IMG_0658-300x129.jpeg 300w, https:\/\/www.shamtoo.fr\/wp-content\/uploads\/2026\/01\/IMG_0658-768x331.jpeg 768w, https:\/\/www.shamtoo.fr\/wp-content\/uploads\/2026\/01\/IMG_0658-350x151.jpeg 350w, https:\/\/www.shamtoo.fr\/wp-content\/uploads\/2026\/01\/IMG_0658.jpeg 1440w\" sizes=\"auto, (max-width: 767px) 89vw, (max-width: 1000px) 54vw, (max-width: 1071px) 543px, 580px\" \/><\/figure><figure class=\"wp-block-image size-large\"><img loading=\"lazy\" decoding=\"async\" width=\"1024\" height=\"1024\" src=\"https:\/\/www.shamtoo.fr\/wp-content\/uploads\/2026\/01\/IMG_0595-1024x1024.jpeg\" alt=\"\" class=\"wp-image-946\" srcset=\"https:\/\/www.shamtoo.fr\/wp-content\/uploads\/2026\/01\/IMG_0595-1024x1024.jpeg 1024w, https:\/\/www.shamtoo.fr\/wp-content\/uploads\/2026\/01\/IMG_0595-300x300.jpeg 300w, https:\/\/www.shamtoo.fr\/wp-content\/uploads\/2026\/01\/IMG_0595-150x150.jpeg 150w, https:\/\/www.shamtoo.fr\/wp-content\/uploads\/2026\/01\/IMG_0595-768x768.jpeg 768w, https:\/\/www.shamtoo.fr\/wp-content\/uploads\/2026\/01\/IMG_0595-1536x1536.jpeg 1536w, https:\/\/www.shamtoo.fr\/wp-content\/uploads\/2026\/01\/IMG_0595-100x100.jpeg 100w, https:\/\/www.shamtoo.fr\/wp-content\/uploads\/2026\/01\/IMG_0595-250x250.jpeg 250w, https:\/\/www.shamtoo.fr\/wp-content\/uploads\/2026\/01\/IMG_0595-350x350.jpeg 350w, https:\/\/www.shamtoo.fr\/wp-content\/uploads\/2026\/01\/IMG_0595.jpeg 1772w\" sizes=\"auto, (max-width: 767px) 89vw, (max-width: 1000px) 54vw, (max-width: 1071px) 543px, 580px\" \/><\/figure><figure class=\"wp-block-image size-full\"><img loading=\"lazy\" decoding=\"async\" width=\"750\" height=\"732\" src=\"https:\/\/www.shamtoo.fr\/wp-content\/uploads\/2026\/01\/IMG_4431.jpeg\" alt=\"\" class=\"wp-image-948\" srcset=\"https:\/\/www.shamtoo.fr\/wp-content\/uploads\/2026\/01\/IMG_4431.jpeg 750w, https:\/\/www.shamtoo.fr\/wp-content\/uploads\/2026\/01\/IMG_4431-300x293.jpeg 300w, https:\/\/www.shamtoo.fr\/wp-content\/uploads\/2026\/01\/IMG_4431-350x342.jpeg 350w\" sizes=\"auto, (max-width: 706px) 89vw, (max-width: 767px) 82vw, 740px\" \/><\/figure>","protected":false},"excerpt":{"rendered":"<p>Qui je suis ? Je m\u2019appelle Agathe Moreau ShamToo, je travaille sur des projets scientifiques et des livres jeunesse. Je suis n\u00e9e \u00e0 la fin des ann\u00e9es 70. J\u2019aime \u00e9crire et dessiner des histoires. Parler de ce qui m\u2019entoure et fait mon quotidien. La maladie, le handicap et l\u2019autisme en font partie, tout comme le &hellip; <\/p>\n<p class=\"link-more\"><a href=\"https:\/\/www.shamtoo.fr\/index.php\/228-2\/\" class=\"more-link\">Continue reading<span class=\"screen-reader-text\"> &#8220;Galerie&#8221;<\/span><\/a><\/p>\n","protected":false},"author":1,"featured_media":0,"parent":0,"menu_order":0,"comment_status":"closed","ping_status":"closed","template":"","meta":{"footnotes":""},"class_list":["post-228","page","type-page","status-publish","hentry"],"_links":{"self":[{"href":"https:\/\/www.shamtoo.fr\/index.php\/wp-json\/wp\/v2\/pages\/228","targetHints":{"allow":["GET"]}}],"collection":[{"href":"https:\/\/www.shamtoo.fr\/index.php\/wp-json\/wp\/v2\/pages"}],"about":[{"href":"https:\/\/www.shamtoo.fr\/index.php\/wp-json\/wp\/v2\/types\/page"}],"author":[{"embeddable":true,"href":"https:\/\/www.shamtoo.fr\/index.php\/wp-json\/wp\/v2\/users\/1"}],"replies":[{"embeddable":true,"href":"https:\/\/www.shamtoo.fr\/index.php\/wp-json\/wp\/v2\/comments?post=228"}],"version-history":[{"count":20,"href":"https:\/\/www.shamtoo.fr\/index.php\/wp-json\/wp\/v2\/pages\/228\/revisions"}],"predecessor-version":[{"id":949,"href":"https:\/\/www.shamtoo.fr\/index.php\/wp-json\/wp\/v2\/pages\/228\/revisions\/949"}],"wp:attachment":[{"href":"https:\/\/www.shamtoo.fr\/index.php\/wp-json\/wp\/v2\/media?parent=228"}],"curies":[{"name":"wp","href":"https:\/\/api.w.org\/{rel}","templated":true}]}}