{"id":213,"date":"2024-04-30T15:32:28","date_gmt":"2024-04-30T13:32:28","guid":{"rendered":"https:\/\/www.shamtoo.fr\/?post_type=product&#038;p=213"},"modified":"2024-05-06T12:03:55","modified_gmt":"2024-05-06T10:03:55","slug":"les-grrr-fetent-noel-copy","status":"publish","type":"product","link":"https:\/\/www.shamtoo.fr\/index.php\/product\/les-grrr-fetent-noel-copy\/","title":{"rendered":"Les Grrr en vacances"},"content":{"rendered":"<p>Livre illustr\u00e9 &#8211; Le Diplodocus<\/p>\n<p>Tu te souviens des Grrr ? Ces personnages qui ronchonnent tout le temps ?<br \/>\nCette ann\u00e9e, apr\u00e8s avoir beaucoup r\u00e2l\u00e9, ils sont tr\u00e8s fatigu\u00e9s.<br \/>\nAlors ils partent en vacances ! Et tu imagines bien que cela ne va pas \u00eatre de tout repos. Entre le voyage, la nuit en tente et les activit\u00e9s, les Grrr ne vont pas se g\u00eaner pour se plaindre.<br \/>\nMais heureusement, quand on vit des aventures impr\u00e9vues, on en oublie souvent de rousp\u00e9ter.<\/p>\n<p>Cl\u00e9mence Sabbagh &#8211;\u00a0 Agathe Moreau<\/p>\n<p>D\u00e9dicace Agathe Moreau sur demande<\/p>\n","protected":false},"excerpt":{"rendered":"<p><img loading=\"lazy\" decoding=\"async\" class=\"alignnone size-medium wp-image-211\" src=\"http:\/\/www.shamtoo.fr\/wp-content\/uploads\/2024\/04\/les-grrr-en-vacances-couv-web-270x300.png\" alt=\"\" width=\"270\" height=\"300\" srcset=\"https:\/\/www.shamtoo.fr\/wp-content\/uploads\/2024\/04\/les-grrr-en-vacances-couv-web-270x300.png 270w, https:\/\/www.shamtoo.fr\/wp-content\/uploads\/2024\/04\/les-grrr-en-vacances-couv-web-350x389.png 350w, https:\/\/www.shamtoo.fr\/wp-content\/uploads\/2024\/04\/les-grrr-en-vacances-couv-web.png 720w\" sizes=\"auto, (max-width: 270px) 100vw, 270px\" \/><\/p>\n","protected":false},"featured_media":211,"comment_status":"open","ping_status":"closed","template":"","meta":[],"product_cat":[19],"product_tag":[],"class_list":{"0":"post-213","1":"product","2":"type-product","3":"status-publish","4":"has-post-thumbnail","6":"product_cat-livre","7":"product_shipping_class-shipping-livre","9":"first","10":"instock","11":"shipping-taxable","12":"purchasable","13":"product-type-simple"},"_links":{"self":[{"href":"https:\/\/www.shamtoo.fr\/index.php\/wp-json\/wp\/v2\/product\/213","targetHints":{"allow":["GET"]}}],"collection":[{"href":"https:\/\/www.shamtoo.fr\/index.php\/wp-json\/wp\/v2\/product"}],"about":[{"href":"https:\/\/www.shamtoo.fr\/index.php\/wp-json\/wp\/v2\/types\/product"}],"replies":[{"embeddable":true,"href":"https:\/\/www.shamtoo.fr\/index.php\/wp-json\/wp\/v2\/comments?post=213"}],"wp:featuredmedia":[{"embeddable":true,"href":"https:\/\/www.shamtoo.fr\/index.php\/wp-json\/wp\/v2\/media\/211"}],"wp:attachment":[{"href":"https:\/\/www.shamtoo.fr\/index.php\/wp-json\/wp\/v2\/media?parent=213"}],"wp:term":[{"taxonomy":"product_cat","embeddable":true,"href":"https:\/\/www.shamtoo.fr\/index.php\/wp-json\/wp\/v2\/product_cat?post=213"},{"taxonomy":"product_tag","embeddable":true,"href":"https:\/\/www.shamtoo.fr\/index.php\/wp-json\/wp\/v2\/product_tag?post=213"}],"curies":[{"name":"wp","href":"https:\/\/api.w.org\/{rel}","templated":true}]}}